13 - -40027?
40014
In base 5, what is 13331102 + -3231?
13322321
In base 7, what is 231 + -504110?
-503546
In base 13, what is 2333 - 186?
217a
In base 10, what is 27 + -153725?
-153698
In base 12, what is 9 - 740021a?
-7400211
In base 14, what is bd16416a + -3?
bd164167
In base 12, what is 78 + a5749?
a5805
In base 5, what is -220424 + 11022?
-204402
In base 2, what is -110 + 11011000100100111?
11011000100100001
In base 11, what is a528994 - -4?
a528998
In base 3, what is -102020200 - -211221012?
102200112
In base 16, what is -c - -e092f?
e0923
In base 12, what is 1 - -b11?
b12
In base 10, what is 36 + -20158?
-20122
In base 7, what is -1312461656 + -2?
-1312461661
In base 8, what is 0 + -503700604?
-503700604
In base 7, what is 31666164 + 3?
31666200
In base 4, what is 11133213130 - -23?
11133213213
In base 16, what is 72c - -2e13?
353f
In base 11, what is -4 - 162241563?
-162241567
In base 8, what is 4224 + 100212?
104436
In base 12, what is 82592 - 55b?
82033
In base 7, what is 2354331256 + 0?
2354331256
In base 3, what is 22211 - 101100122121?
-101100022210
In base 10, what is -362 - -1852061?
1851699
In base 4, what is -1002031032222 - -3?
-1002031032213
In base 2, what is -100011010 - -10101101001001101?
10101100100110011
In base 10, what is -3839021 - -7?
-3839014
In base 4, what is 13223032 - -313010?
20202102
In base 8, what is -1416 - -35130?
33512
In base 6, what is 2 - -10041443130?
10041443132
In base 13, what is 29637b + -10?
29636b
In base 3, what is 100200100221021 - -11?
100200100221102
In base 13, what is 0 - -189bc27?
189bc27
In base 8, what is -12504 + -154?
-12660
In base 6, what is -3 - -1521005310?
1521005303
In base 2, what is -10 - -10101110011100001010111010?
10101110011100001010111000
In base 9, what is 226416 + -46?
226360
In base 5, what is -122240223 - 13?
-122240241
In base 7, what is -1002 + -2424653?
-2425655
In base 2, what is 1000101111000010001011000 - 11?
1000101111000010001010101
In base 11, what is -296474 + 89?
-296396
In base 6, what is -3224542 + -22?
-3225004
In base 10, what is -404 + 2811?
2407
In base 11, what is -158851 - -45?
-158807
In base 2, what is 101110010 + -101010010111010111110?
-101010010110101001100
In base 13, what is -30b2a8 + -2?
-30b2aa
In base 7, what is 21 + 110101050?
110101101
In base 11, what is -520a7 + 182?
-51a25
In base 7, what is 102336 - 23210?
46126
In base 9, what is 6 - 805564?
-805557
In base 7, what is -1621510130 - -1?
-1621510126
In base 16, what is -8548 + -111?
-8659
In base 4, what is 13203130033 + -2?
13203130031
In base 13, what is 10 - -470929c?
47092ac
In base 12, what is 118aba + 385?
119283
In base 14, what is 1b7 - -14ac1?
14c98
In base 14, what is -71ad + -33?
-7202
In base 10, what is 123 + 8362495?
8362618
In base 15, what is -7082 - 6d45?
-ddc7
In base 14, what is -12a3 + 3997?
26d4
In base 4, what is 1011311110 + 220?
1011311330
In base 4, what is -10 + 10003120300?
10003120230
In base 15, what is -4a + -14c28?
-14c73
In base 5, what is 2041213401 + 1?
2041213402
In base 15, what is 71 - 7bba5?
-7bb34
In base 5, what is -3402 - -20110200?
20101243
In base 3, what is 120122 - -1011212102012?
1011212222211
In base 16, what is -5251 - df5?
-6046
In base 9, what is 1577 + 66047?
67635
In base 14, what is 37 + -468836?
-4687dd
In base 14, what is 14c1 - -126d6?
13bb7
In base 11, what is -106153 + -41?
-106194
In base 2, what is -1001100110101101 - 111111?
-1001100111101100
In base 9, what is 3760041 + 13?
3760054
In base 13, what is 1 + 9684834?
9684835
In base 2, what is -110100011011000100 - 1000110000?
-110100100011110100
In base 5, what is 330133021 - 14?
330133002
In base 3, what is 10001111 + 2010022221?
2020101102
In base 8, what is -2060 + 167704?
165624
In base 14, what is -21a4 - 708?
-28ac
In base 11, what is 615 - -18a41?
19556
In base 11, what is -251476 - 16a?
-251635
In base 2, what is -1101100010001011 - 101011011?
-1101100111100110
In base 13, what is -3c7 - -c652?
c258
In base 11, what is a04 + -a96?
-92
In base 14, what is -192 + 1b35c?
1b1aa
In base 9, what is 301633 - 1310?
300323
In base 2, what is 10000010 - 101001110001011011?
-101001101111011001
In base 3, what is 110010202022201 - 2?
110010202022122
In base 3, what is -2212022 + 11221002?
2001210
In base 6, what is 1043224 - -115?
1043343
In base 16, what is -11f68 + -e2?
-1204a
In base 8, what is 25070 + 13414?
40504
In base 16, what is 4e3d + 5?
4e42
In base 6, what is 12001 - 15411?
-3410
In base 6, what is -15 - -2515410?
2515351
In base 13, what is -123 - -41558?
41435
In base 15, what is 79c + 4aaab?
4b358
In base 15, what is -7024 + 1b4a?
-53c9
In base 8, what is 3 + -11545527?
-11545524
In base 2, what is -1 + -100100100000101101000?
-100100100000101101001
In base 8, what is 112 + -1137733?
-1137621
In base 10, what is -437 + 10659?
10222
In base 13, what is 36 - 33634?
-335cb
In base 4, what is 3330321111 + -20111?
3330301000
In base 12, what is -8a - -9859?
978b
In base 14, what is -d2 - -bbdc?
bb0a
In base 9, what is -1702 - -4421?
2618
In base 5, what is -10430 + -134332013?
-134342443
In base 4, what is -1222330130 - 1220?
-1222332010
In base 6, what is -5 + 5543111231?
5543111222
In base 9, what is 7 + 17444612?
17444620
In base 7, what is -1 - -211441324?
211441323
In base 8, what is -345 + -2402323?
-2402670
In base 2, what is 100011101010101000000000001 - -11?
100011101010101000000000100
In base 16, what is -2dd + 3c4c2?
3c1e5
In base 8, what is 0 - -427540065?
427540065
In base 10, what is -26565979 + 2?
-26565977
In base 11, what is 1 - 54107912?
-54107911
In base 5, what is 3032021 - -1321?
3033342
In base 4, what is -3202220320 + -22?
-3202221002
In base 12, what is a72 - 1818?
-966
In base 16, what is 3 + -373b8a?
-373b87
In base 16, what is 11c - 12551?
-12435
In base 13, what is -11 - 504a8a?
-504a9b
In base 5, what is 1321233 - 11403?
1304330
In base 16, what is 1f2f52 + 2?
1f2f54
In base 6, what is 0 - -230113542?
230113542
In base 8, what is 30004167 - -5?
30004174
In base 13, what is 465b14 + -b?
465b06
In base 14, what is -80 - 1a8db?
-1a97b
In base 16, what is -15 + 88d51e?
88d509
In base 15, what is 32992 + 2b?
329bd
In base 7, what is -10 - 1515421031?
-1515421041
In base 4, what is 32330031 - -3330?
33000021
In base 9, what is 2 + 307835842?
307835844
In base 15, what is -4b + 6b15d?
6b112
In base 14, what is -1265d3 + -23?
-126616
In base 10, what is -3939615 + 11?
-3939604
In base 5, what is 22030411 - 0?
22030411
In base 14, what is -1384 + -503b8?
-5175c
In base 4, what is -1223321 + 30210322?
22321001
In base 7, what is -44 + 3214464?
3214420
In base 3, what is -11102101 + -11120101021?
-11201210122
In base 2, what is -110 - -101111110010000011011111?
101111110010000011011001
In base 6, what is 25543454 + 115?
25544013
In base 7, what is 25530602 + 5?
25530610
In base 13, what is 57566c + -20?
57564c
In base 16, what is 2908 - -7d9?
30e1
In base 12, what is 42b805a + 2?
42b8060
In base 11, what is 4a039a + -12?
4a0388
In base 4, what is 32133000 - 10?
32132330
In base 3, what is -21002 - 112101212?
-112122221
In base 6, what is 4 - 1125255345?
-1125255341
In base 2, what is 10000010100 - 101001101110010010?
-101001011101111110
In base 15, what is -27 + -1be5b?
-1be83
In base 4, what is 202200313 + -20?
202200233
In base 15, what is -b - 35cd?
-35d9
In base 15, what is 4d8d527 + -3?
4d8d524
In base 4, what is -12 - 1013020320132?
-1013020320210
In base 6, what is -4354344 - -15220?
-4335124
In base 11, what is -32 - -34549a?
345468
In base 12, what is -389b3 - -b4?
-388bb
In base 12, what is 8 + 2b9263?
2b926b
In base 8, what is -2514355 + -106?
-2514463
In base 4, what is 22221300 - -1133?
22223033
In base 6, what is 12312 + 21320?
34032
In base 10, what is -8 - -13143958?
13143950
In base 15, what is 2d + -61e75?
-61e47
In base 8, what is -2 - 42074322?
-42074324
In base 14, what is 17b - 619c?
-6021
In base 7, what is 2003530 + -156?
2003341
In base 2, what is -1010100100010111111111 - 1000?
-1010100100011000000111
In base 16, what is 33 - -113756?
113789
In base 2, what is -1100101101101010110011011111 + 11?
-1100101101101010110011011100
In base 5, what is 3131 + 310204?
313340
In base 16, what is -19ae4 + 111?
-199d3
In base 3, wha